Suppose 2*p - 1 - 5 = -s, -3*s = -4*p - 8. Let y be -1 + p + 8 + -2. Calculate the greatest common factor of 42 and y.
6
Let v = -57 - -79. What is the greatest common divisor of 11 and v?
11
Let b = -189 - -228. Suppose g = -g + 40. Suppose d - 5*h - g = -3*h, 5*d = 5*h + 115. What is the greatest common factor of b and d?
13
Let v = 20 + 100. Let q(g) = 60*g**3 - g**2 + 2*g - 1. Let f be q(1). Suppose 6*a = 2*a + f. Calculate the highest common factor of v and a.
15
Let a = 16 - 9. Suppose -3*n + 5 = -a. Suppose -f - 3*f = -16. What is the greatest common divisor of n and f?
4
Let m be 1/(-3) - 10/(-3). Suppose -m*v - v = -20. Suppose -v*c - 2*h = h - 14, 5 = 2*c + h. Calculate the highest common factor of 8 and c.
1
Let t = -9 - -16. Suppose -2*g = -t*g - 5*v + 25, 0 = 3*g + 2*v - 15. Let n be (-12)/(-15)*g/2. Calculate the highest common divisor of 18 and n.
2
Let v(x) = x**3 + 5*x**2 - x - 1. Let j be v(-5). Calculate the highest common factor of j and 44.
4
Let d = -34 + 58. Calculate the highest common divisor of 8 and d.
8
Suppose -w = 4*z - 794, w = z + 2*z - 592. What is the highest common factor of 22 and z?
22
Let r = -389 - -576. Calculate the greatest common factor of r and 17.
17
Suppose -9 = -2*c + 3*y, 0*c = -3*c - 5*y + 61. Calculate the highest common factor of 324 and c.
12
Let s(o) = 16*o**2 - 2*o. Let g be s(-2). Suppose 2*u - 5*d = -2*u + 82, -2*d + g = 4*u. Calculate the greatest common divisor of 9 and u.
9
Let n be 2/(-14) + (-30)/(-14). Suppose -n*j - 2*j + 12 = 0. Suppose -j*s = -2 - 310. Calculate the highest common factor of 13 and s.
13
Suppose 23 = -4*m + 67. Let k be (-140)/(-44) + (-2)/m. Suppose 0 = o - 11 + k. What is the greatest common factor of o and 32?
8
Let g(h) = h**2 - 2. Let x be g(-2). Calculate the highest common factor of 18 and x.
2
Suppose -2*c + 2*u = -18, c + 2*u = -2*c + 2. Suppose -9 = -3*w, 0 = -c*z + w + 50 - 9. Calculate the highest common divisor of 77 and z.
11
Suppose 36 - 108 = -2*g. Suppose 4 = f - 12. Suppose -5*k + f = -4. What is the greatest common divisor of k and g?
4
Let y(z) = -13*z - 3. Let i be y(-2). Let h = 43 + 3. What is the highest common divisor of i and h?
23
Let k be 2 - (0 + -6) - -4. Calculate the highest common factor of k and 4.
4
Let l be (-5)/(-15) + (-1)/3. Let n(u) = u + 15. Let j be n(l). Let z = -5 + j. Calculate the greatest common factor of z and 20.
10
Let x(c) = -c**3 - 21*c**2 - 2*c - 18. Let u be x(-21). What is the highest common factor of 384 and u?
24
Let m = -8 - -9. Let q(r) = -r**2 + 2*r + 1. Let n be q(2). Calculate the highest common factor of n and m.
1
Let d(o) = 9*o**2 + o + 1. Let m be d(-1). Let k = m + -2. Suppose k = 4*s - 5, -2*v + 21 = -5*s. Calculate the highest common factor of v and 27.
9
Let z be (2 + -5)*7 - 2. Let v = 11 - z. Calculate the greatest common factor of 51 and v.
17
Let m be 70/15 - (-2)/(-3). Let j be -4*2/m - -8. What is the greatest common factor of j and 9?
3
Let h(z) = z**2 + 6*z + 5. Let n be h(-6). Suppose v = -3*r + 11, -7*v + 3*v = n*r - 44. What is the greatest common factor of v and 22?
11
Suppose -30 = -30*g + 25*g. What is the highest common factor of g and 12?
6
Suppose -72 = 15*b - 18*b. Calculate the greatest common divisor of b and 6.
6
Suppose 3*t - 49 + 1 = 0. What is the highest common divisor of 32 and t?
16
Suppose 0 = -3*t + 5 + 4. Suppose -3*u = -4*p - t, u - 1 = -0. Suppose -5*s + h + 15 = 0, 2*s + p*h + 6 = -2*h. Calculate the greatest common factor of 2 and s.
2
Suppose 5*m = -4*m + 81. Calculate the highest common factor of 1 and m.
1
Suppose 23 + 32 = 5*w. Suppose -4*b + w = -1. Let o be ((-36)/24)/(1/(-3))*2. Calculate the greatest common factor of o and b.
3
Let k = 1 - 2. Let s = k - -7. Let i be ((-32)/s)/((-6)/27). What is the highest common divisor of i and 8?
8
Suppose 2*y - 6 - 10 = 0. Calculate the highest common divisor of 8 and y.
8
Suppose 0 = 53*y - 51*y - 12. Calculate the greatest common factor of 42 and y.
6
Suppose 4*u = o + 57 + 52, 2 = -2*o. Let g(x) = 2*x**2 - 2*x - 1. Let m be g(-1). Calculate the greatest common factor of u and m.
3
Let x(g) = -g**3 - 6*g**2 - 3*g - 8. Let c be x(-6). Let o be 44/10 - 4/c. Let k be o/(-6) + 550/6. Calculate the highest common factor of 13 and k.
13
Let o be (-8)/(-12)*(-3 - -15). Let q be 2 + -1 + (-31)/(-1). What is the greatest common divisor of o and q?
8
Let r = 27 + -13. Calculate the highest common divisor of r and 35.
7
Let n be ((-2)/(-2)*-1)/((-1)/10). What is the greatest common factor of n and 50?
10
Let d(u) = 424*u**2 - 1. Let t be d(-1). Suppose 3*s - 4*c + 1136 = -s, 1452 = -5*s - 3*c. Let h = s + t. What is the highest common divisor of h and 15?
15
Suppose -2*v + 5*q + 18 = -3*v, 2*q = -8. Suppose -5*a + 30 = -v*a. What is the highest common divisor of a and 80?
10
Let l = -58 - -162. Let v = -3 + 13. Suppose c = -c - v, -5*g + 3*c = -80. Calculate the highest common divisor of l and g.
13
Suppose -5*z + 3*z + 8 = 0. Let a(j) = 0*j - 5*j + 2 + z*j. Let v be a(-6). What is the greatest common factor of 1 and v?
1
Let w = -48 + 75. Calculate the highest common factor of w and 36.
9
Let s = 10 + -5. Let v be 227/s - (-4)/(-10). Calculate the highest common factor of v and 9.
9
Let k = -9 - -15. Let x(b) = -b**2 + 10*b - 6. Let u be x(k). Let z = -8 + u. Calculate the highest common divisor of 2 and z.
2
Suppose n + j + 22 - 116 = 0, 0 = -j - 5. Calculate the highest common divisor of 11 and n.
11
Suppose 4*z - 5*z = 0. Suppose -4*f + 44 = -f + 2*g, z = 3*f + 4*g - 40. Let q = 157 - 45. Calculate the highest common factor of q and f.
16
Suppose 3*r - 45 = -0*r. Suppose 87 = 3*i + r. Suppose 0 = -5*t + 1103 - 143. Calculate the greatest common factor of i and t.
24
Let m = -22 + 33. What is the highest common factor of 44 and m?
11
Let x be ((-3)/4)/((-2)/8). Suppose x*c - 4*c = -200. Suppose g - 5*g = -5*w - c, 0 = -5*g + 5*w + 255. Calculate the highest common factor of g and 22.
11
Let n = 15 - 9. Calculate the highest common factor of 6 and n.
6
Suppose 78 = 4*z + 10. Calculate the greatest common divisor of z and 68.
17
Let c be (43 - 2) + 3*3/9. What is the highest common factor of c and 14?
14
Let x = 0 + 24. Suppose -3*w - 5 = -53. Calculate the greatest common divisor of w and x.
8
Let f(q) = -105*q + 1. Let l be f(-3). Suppose 5*b = -4*n + 538, -2*b - b + n + l = 0. Let u be b/9 + (-4)/(-18). What is the highest common factor of 4 and u?
4
Let i = -269 - -379. Calculate the highest common factor of i and 10.
10
Suppose 3*y - 30 = -0*y. Suppose -3*o + 330 = -0*o. What is the highest common divisor of y and o?
10
Let z be (-20)/(-12)*1*3. Let r(y) = y**3 - 5*y**2 - y + 5. Let d be r(z). Suppose d = -2*j + 5*j - 30. Calculate the highest common divisor of 5 and j.
5
Let b = -119 - -239. Suppose 0*s = -3*s + 45. Calculate the greatest common divisor of s and b.
15
Let u = -7 + 40. Let t = 51 - u. Suppose -5*l = 5*b - 24 - 121, -2*b = l - 31. What is the highest common divisor of t and l?
9
Suppose -30*j + 28*j + 18 = 0. What is the highest common divisor of 72 and j?
9
Suppose 0*d - 4*d + 738 = 2*m, 2*d - 3*m - 389 = 0. Calculate the highest common factor of d and 17.
17
Let o(z) = -3*z - 2. Let j be o(-4). Suppose 0 = 3*k, 0 = -4*c + 3*k - 2*k + 160. Calculate the highest common factor of c and j.
10
Suppose 5*d + 2*m = 12, 5*m + 1 = 3*d - 0. Suppose -3*f + 10 = -5*v, -7 = 3*v - 0*f - d*f. Suppose 3 = -i + 10. Calculate the highest common factor of i and v.
1
Let b be -8 + 3/9*3. Let k = b + 17. Let w = 22 + 3. What is the highest common factor of k and w?
5
Let j(q) = -q**3 - 17*q**2 - 8*q + 24. Let d be j(-17). What is the greatest common factor of 64 and d?
32
Let g be 2*(3 - 1)*-1. Let i(u) = -2*u**3 - u**2 + 5*u + 4*u**2 + 2 - 2*u**2. Let b be i(g). What is the highest common divisor of b and 14?
14
Let y = -66 + 138. Suppose -2*g = 2*t - 24, g - 30 = -2*t - 3*g. What is the highest common factor of y and t?
9
Suppose 0 = 5*n - 0 - 5. Let v be 37 + -2 + n + 0. What is the highest common factor of v and 12?
12
Let f = 16 + -2. Calculate the highest common factor of 70 and f.
14
Suppose -a = -6*a + 50. What is the highest common divisor of 50 and a?
10
Let s(y) = -y**2 + 9*y - 9. Let i be s(5). What is th